s of r.
21013
Suppose 117 = -14*t + 5. What are the prime factors of (-2)/(-3) + t/12 - -824?
2, 103
Let u(c) = 7*c + 7. Let j be u(1). Suppose j*q - 4990 = -1364. Let d = -111 + q. List the prime factors of d.
2, 37
Suppose -197*i = -21*i - 4231895 - 827049. What are the prime factors of i?
2, 3593
Let z(c) be the second derivative of -c**4/6 - 5*c**3 - 3*c**2/2 - c. Let x(a) = -a**2 + 21*a - 110. Let y be x(14). What are the prime factors of z(y)?
3, 23
Suppose -133*l + 131*l + 66178 = 2*t, -4*l = -3*t - 132363. List the prime factors of l.
2, 3, 5, 1103
List the prime factors of (-5)/(30/(-204))*-6428*(-1)/8.
17, 1607
Let o = 103003 + -34214. What are the prime factors of o?
7, 31, 317
List the prime factors of (-3)/6 - (-94787)/14.
2, 5, 677
Let s(i) = -i**3 - 10*i**2 - 10*i - 13. Let u be s(-9). Let w be ((-34)/u)/((-19)/(-38)). Suppose w*k - 3180 = -188. List the prime factors of k.
2, 11
Let j = 799 - 424. Suppose -369*f = -j*f + 1944. What are the prime factors of f?
2, 3
Let c be (-7 - -7) + 2 + 10. Let t be (-1)/(-2)*(c - 8). Suppose 3*h + 4*r - 126 = 0, 5*h - t*r - 190 = h. What are the prime factors of h?
2, 23
Suppose 2*k = -74*n + 76*n - 47922, 3*n - 4*k - 71878 = 0. List the prime factors of n.
2, 23, 521
Let a(o) = -o**3 + 2*o**2 - 2*o - 760. Let s be a(0). List the prime factors of 5/3 - s/57.
3, 5
Let d be 15/(-3)*11 + 3. Let k = d - -23. Let c = k - -57. List the prime factors of c.
2, 7
Suppose -3*p + l = -5 - 6, -4*l + 31 = 3*p. Suppose -5*n + 3*h + 212 = -1257, n = p*h + 285. Let b = -159 + n. List the prime factors of b.
2, 17
Let j(a) = 8060*a**3 + 26*a**2 - 26*a - 1. List the prime factors of j(1).
8059
Let x = -537 - -147. Let m = 697 + x. Let u = m - 132. List the prime factors of u.
5, 7
Let z = 258 + -213. Suppose 11*t - 199 = -z. What are the prime factors of t?
2, 7
List the prime factors of ((-147552)/448)/(6/(-344)) + (-11)/77.
23, 821
Let n be 4/(-1)*1*-1 - 1. Suppose o + n*o - 20 = 0. Suppose o*z - 14 = 3*z. What are the prime factors of z?
7
Suppose 2*k - 94*z + 96*z = 46884, z = -5. What are the prime factors of k?
23447
Let v be -251 + (-6 - -3) + 8. What are the prime factors of -3*1*79786/v?
7, 139
Suppose 15539 + 17766 = 8*o - 25103. List the prime factors of o.
7, 149
Let q(o) = 172*o**3 + 3*o**2 - 10*o + 10. List the prime factors of q(4).
2, 37, 149
Let m = 8419 - 7241. What are the prime factors of m?
2, 19, 31
Suppose -4*g - 4165 = 5*n - 0*g, -4*n = -3*g + 3332. Let d = 1365 + n. List the prime factors of d.
2, 7, 19
Suppose 4*h = 12, 3*h - 1179 = -4*g - 2*h. Suppose -15*l = -12*l - g. Let b = l - 7. List the prime factors of b.
2, 3, 5
Let i = 62 + -182. Let u = i + 297. List the prime factors of u.
3, 59
Let w be 2/(5/(10/(-1))). What are the prime factors of w/6*13233/(-22)?
401
Let m = -41 + 70. Suppose -8*p - 4 = -4. What are the prime factors of 2*(m + -6) + p/(-1)?
2, 23
Let f = -150 - -150. Suppose -5*u + 2*p + 3130 = f, -u - 282 = p - 908. What are the prime factors of u?
2, 313
Let r = 287 - 285. List the prime factors of (29 - -511)/(r/2).
2, 3, 5
Suppose -2*f = -5*f. Suppose -5*i - x + 29 = -f*i, -5*i + 35 = -5*x. Suppose -3*v = -r - 550, i*v - 2*v - 731 = -r. What are the prime factors of v?
3, 61
Let z = 18857 - -1338. What are the prime factors of z?
5, 7, 577
Suppose -5*y = f - 46717, -3*y + 2*f + 7095 = -20930. List the prime factors of y.
9343
Suppose 0 = 32*l - 82348 - 29300. What are the prime factors of l?
3, 1163
Let p = 28 - 23. Let a be (-628)/5 - 2/p. List the prime factors of a/(-4) + 4 + 7/(-2).
2
Suppose l = 99*l - 498403 - 199945. What are the prime factors of l?
2, 7, 509
Let o = -2345 - -3959. List the prime factors of o.
2, 3, 269
Let p(c) = -9*c**2 + 5*c - 50. Let q be p(8). Let l = 961 + q. What are the prime factors of l?
3, 5
Suppose 3*f - 5 = 1. Let q(n) = 12 + n**3 + n**f + 2*n**2 + 0*n**2 - 2*n + 2*n**2. What are the prime factors of q(-5)?
2, 11
List the prime factors of (-182896)/(-13) + 118/1534.
11, 1279
Let y = -459 - -1098. Suppose -1965 = -14*w + y. List the prime factors of w.
2, 3, 31
Let r be (-3944)/(-374) + 6/(-11). Suppose 2*k = -4*f - 0 - 2, -f + 3*k = -17. Let v = f + r. List the prime factors of v.
2, 3
Suppose 2*o + 4*m = -688, -m - 2*m + 15 = 0. Let d be o/45 + (-6)/135*3. What are the prime factors of (d/(-4 + 8))/(4/(-322))?
7, 23
Suppose -5*o - 5*m = -10588 - 16572, 0 = -4*o + 4*m + 21688. What are the prime factors of o?
3, 67
Let x = 39083 + -27753. List the prime factors of x.
2, 5, 11, 103
Let u = -963 - -2111. Let a be u/(-35)*(-5)/2. Suppose 2*p = 4*p - a. What are the prime factors of p?
41
Let c(o) = -7*o**3 - 10*o**2 + 20*o + 44. List the prime factors of c(-9).
4157
Suppose 5*f - 349 - 174 = 4*b, 414 = 4*f - b. Suppose -256 = -2*s - 4*k, -4*s + 3*k + 604 - f = 0. List the prime factors of s.
2, 3, 7
Let a(w) = -w**2 - 8*w - 11. Let y be a(-6). Suppose -2*z + 0 = -3*i - y, -5*i - 15 = -5*z. Suppose z*l + 8 = 104. List the prime factors of l.
2, 3
Let f be (-2)/(-16)*464/2. Suppose 2*k + 0*k + 4*v - 52 = 0, -4*k + 68 = -4*v. Let p = f - k. What are the prime factors of p?
3
Suppose -3*n + 5*i + 453 = 0, 5*i - 755 = -5*n - 0*i. Suppose -184 = 4*j - 3*p, 0 = -3*j + p + 8 - n. Let g = j - -90. What are the prime factors of g?
41
Suppose 31*o - 30*o = -p + 26, -p + 22 = 2*o. List the prime factors of p.
2, 3, 5
Suppose 3*g = -g + 344. Let a = g - 41. Suppose -37 = a*b - 46*b. What are the prime factors of b?
37
Let b(k) = 21*k - 1269. List the prime factors of b(62).
3, 11
Suppose -4*c = 5*t - 645, 0 = 2*t - 3*c + 4*c - 255. Let k(n) = -n + 5. Let a be k(7). List the prime factors of t + -1 + 1 + a.
3, 41
Let b(w) = -214*w - 1587. List the prime factors of b(-37).
13, 487
Let z(x) = -x**3 + 2*x**2 + 2*x + 6. Let u(w) = w**3 - 3*w**2 + 4*w - 5*w + 2*w - 7 - 4*w. Let c(q) = -2*u(q) - 3*z(q). What are the prime factors of c(4)?
2, 3, 5
Let f = 80 + -52. Suppose -2*a - 232 + f = -4*j, 0 = 5*j + 20. List the prime factors of (-18249)/a - (-3)/30.
2, 83
Let a be ((-13)/(572/(-165)))/((-2)/64). What are the prime factors of 120/(-2 - a/58)?
2, 3, 5, 29
Suppose 5*o - 4*z + 24 = -0*z, -2*o = 2*z + 24. List the prime factors of (7725/(-100))/(1/o).
2, 3, 103
Let r(h) = 1091*h**2 - 3*h - 2. Let w be ((-23)/(-92))/(1/(-4)). List the prime factors of r(w).
2, 3, 7, 13
Suppose 12*x = 2*p + 15*x - 25, -3*p - 3*x = -30. Suppose -a + 5*s + 139 = 0, 3*a + p*s = -0*a + 377. What are the prime factors of a?
3, 43
Let x = -14 - 166. Let u = 1776 - 1414. Let g = u + x. List the prime factors of g.
2, 7, 13
Suppose -28858 = -53*a + 8*a + 22892. What are the prime factors of a?
2, 5, 23
Let q(s) = s**2 + 11*s + 30. Let t be q(-5). List the prime factors of -2 - (3 - (398 - t)).
3, 131
Let q = 46013 - 19781. Suppose -i = -25*i + q. What are the prime factors of i?
1093
Let f(q) = -343*q - 21. Let c be f(-4). Suppose -c = -l + x, -1339 = -l - 3*x + x. List the prime factors of l.
3, 449
Let j = -1947 + 3418. What are the prime factors of j?
1471
Suppose -6*u + 140 - 80 = 0. Let i(d) = 14*d - 9. Let f(p) = -28*p + 17. Let t(z) = 2*f(z) + 5*i(z). List the prime factors of t(u).
3, 43
Suppose -186*g + 113325 = -640193 - 170158. List the prime factors of g.
2, 13, 191
Let r = -1395 - -3460. List the prime factors of r.
5, 7, 59
Let x = 189 + -189. Suppose x = r - 117 - 58. List the prime factors of r.
5, 7
Suppose 6*n = 6001 - 1453. Suppose 0 = x - 3*v - 164 - 94, -3*x + v + n = 0. What are the prime factors of x?
2, 3, 7
Let i = -403 - -397. Let g(a) = -4*a**3 - 4*a**2 + 15*a + 16. List the prime factors of g(i).
2, 17, 19
What are the prime factors of (357/(-28))/(-17) + (-434900)/(-16) + 0?
2, 13591
Let y = -166 + 433. Suppose -a - 223 = 4*n, -y - 720 = 4*a - 3*n. Let f = a - -371. What are the prime factors of f?
2
Let b = 84 - 83. Suppose -52 = -2*i - 2*l, -4*l + b = 9. Suppose 0 = 4*v - 2*d - d - 129, v = 5*d + i. What are the prime factors of v?
3, 11
Suppose m - 3 = -5*y - 2, -2*y + 4 = 4*m. Let x be (-35)/2 + m/(-2). Let p = 33 + x. List the prime factors of p.
3, 5
Let n = -156 + 150. List the prime factors of n/(-10) + 3/((-30)/(-6134)).
2, 307
Suppose 0 = -33*v + 36*v - 21, 5*v - 56045 = -3*h. What are the prime factors of h?
2, 5, 1867
Let z = 141